{"id":5,"date":"2020-01-13T11:17:52","date_gmt":"2020-01-13T11:17:52","guid":{"rendered":"https:\/\/demosites.io\/web-agency-gb\/?page_id=5"},"modified":"2024-02-27T14:33:46","modified_gmt":"2024-02-27T14:33:46","slug":"15c42-web-agency-gb-home","status":"publish","type":"page","link":"http:\/\/agrotouracademy.eu\/","title":{"rendered":"Home"},"content":{"rendered":"\n<div class=\"wp-block-cover alignfull is-light\" style=\"min-height:700px\"><span aria-hidden=\"true\" class=\"has-nv-dark-bg-background-color has-background-dim-40 wp-block-cover__gradient-background has-background-dim\"><\/span><img loading=\"lazy\" width=\"2560\" height=\"1707\" class=\"wp-block-cover__image-background wp-image-88941\" alt=\"\" src=\"http:\/\/agrobusiness-academy.ekapa.gr\/wp-content\/uploads\/2022\/10\/pexels-pixabay-39511-scaled.jpg\" style=\"object-position:50% 64%\" data-object-fit=\"cover\" data-object-position=\"50% 64%\" srcset=\"http:\/\/agrotouracademy.eu\/wp-content\/uploads\/2022\/10\/pexels-pixabay-39511-scaled.jpg 2560w, http:\/\/agrotouracademy.eu\/wp-content\/uploads\/2022\/10\/pexels-pixabay-39511-300x200.jpg 300w, http:\/\/agrotouracademy.eu\/wp-content\/uploads\/2022\/10\/pexels-pixabay-39511-1024x683.jpg 1024w, http:\/\/agrotouracademy.eu\/wp-content\/uploads\/2022\/10\/pexels-pixabay-39511-768x512.jpg 768w, http:\/\/agrotouracademy.eu\/wp-content\/uploads\/2022\/10\/pexels-pixabay-39511-1536x1024.jpg 1536w, http:\/\/agrotouracademy.eu\/wp-content\/uploads\/2022\/10\/pexels-pixabay-39511-2048x1365.jpg 2048w, http:\/\/agrotouracademy.eu\/wp-content\/uploads\/2022\/10\/pexels-pixabay-39511-930x620.jpg 930w\" sizes=\"(max-width: 2560px) 100vw, 2560px\" \/><div class=\"wp-block-cover__inner-container\">\n<div style=\"height:80px\" aria-hidden=\"true\" class=\"wp-block-spacer\"><\/div>\n\n\n\n<h1 class=\"has-text-align-center has-nv-text-dark-bg-color has-text-color\">Supporting SMEs<br>and entrepreneurs<\/h1>\n\n\n\n<p class=\"has-text-align-center has-nv-text-dark-bg-color has-text-color\" style=\"font-size:17px\">The project aims at support SMEs and entrepreneurs from agricultural and tourism sector <br>through provision of business facilities, services, know-how and human development skills<\/p>\n\n\n\n<div class=\"wp-container-1 wp-block-buttons\">\n<div class=\"wp-block-button is-style-primary\"><a class=\"wp-block-button__link\" href=\"http:\/\/agrobusiness-academy.ekapa.gr\/?page_id=88706\">LEARN MORE<\/a><\/div>\n<\/div>\n\n\n\n<div style=\"height:80px\" aria-hidden=\"true\" class=\"wp-block-spacer\"><\/div>\n\n\n\n<div style=\"height:80px\" aria-hidden=\"true\" class=\"wp-block-spacer\"><\/div>\n<\/div><\/div>\n\n\n\n<div style=\"height:80px\" aria-hidden=\"true\" class=\"wp-block-spacer\"><\/div>\n\n\n\n<figure class=\"wp-block-image size-medium ticss-2f8942f8\"><a href=\"https:\/\/www.greece-bulgaria.eu\/\" target=\"_blank\" rel=\"noopener\"><img loading=\"lazy\" width=\"300\" height=\"87\" src=\"http:\/\/agrotouracademy.eu\/wp-content\/uploads\/2022\/10\/logo_interreg-300x87.png\" alt=\"\" class=\"wp-image-88966\" srcset=\"http:\/\/agrotouracademy.eu\/wp-content\/uploads\/2022\/10\/logo_interreg-300x87.png 300w, http:\/\/agrotouracademy.eu\/wp-content\/uploads\/2022\/10\/logo_interreg-1024x297.png 1024w, http:\/\/agrotouracademy.eu\/wp-content\/uploads\/2022\/10\/logo_interreg-768x223.png 768w, http:\/\/agrotouracademy.eu\/wp-content\/uploads\/2022\/10\/logo_interreg-1536x446.png 1536w, http:\/\/agrotouracademy.eu\/wp-content\/uploads\/2022\/10\/logo_interreg.png 1889w\" sizes=\"(max-width: 300px) 100vw, 300px\" \/><\/a><\/figure>\n\n\n\n<div class=\"wp-block-columns\">\n<div class=\"wp-block-column\">\n<p><strong>Greece <\/strong>and <strong>Bulgaria<\/strong>, two neighboring countries with a rich past, since the end of the 1990s have entered an era of closer co-operation, due to the INTERREG Programme <strong>&#8220;Greece-Bulgaria&#8221;<\/strong>.<\/p>\n\n\n\n<p>The main idea behind &#8220;INTERREG&#8221; is that countries have issues which can be better solved if they work together with their neighbors than if each one remains confined within its borders. So for this reason, in our Programme we promote activities that bring our people closer.<\/p>\n\n\n\n<p>One needs to look no further than the land and the rivers we share and move on to roads and then to culture, food and traditions. In every case what happens on the one side of the border affects the other side as well. The need for joint actions is gradually becoming the normal than the exception.<\/p>\n\n\n\n<p>We focus in Northern <strong>Greece <\/strong>and in Southern <strong>Bulgaria <\/strong>around our common border.<\/p>\n<\/div>\n\n\n\n<div class=\"wp-block-column\">\n<p>All of our actions take place in the area of Evros, Kavala, Xanthi, Rodopi, Drama, Thessaloniki, Serres and in Blagoevgrad, Smolyan, Kardzhali, Haskovo.<\/p>\n\n\n\n<p>We work with public and other institutions on both sides of the border that can benefit and positively influence the widest possible numbers of inhabitants, funding a very diverse range of activities that fall in the sectors of competitiveness, environment, culture, transportation, health and social issues.<\/p>\n\n\n\n<p>For this reason, the European Union together with <strong>Greece<\/strong> and <strong>Bulgaria <\/strong>are providing 130.000.000 Euros from 2014 up to 2020!<\/p>\n\n\n\n<p>We improve co-operation on issues of common interest and deal with the challenges of the modern era in a more efficient and effective way. Our ultimate aim is a better everyday life.<\/p>\n\n\n\n<p>We cooperate! We act jointly and we all win!<\/p>\n<\/div>\n<\/div>\n\n\n\n<div class=\"wp-container-2 wp-block-buttons ticss-ce5ea249\">\n<div class=\"wp-block-button\"><a class=\"wp-block-button__link\" href=\"https:\/\/www.greece-bulgaria.eu\/about\/\" target=\"_blank\" rel=\"noreferrer noopener\">More info<\/a><\/div>\n\n\n\n<div class=\"wp-block-button\"><a class=\"wp-block-button__link\" href=\"https:\/\/ec.europa.eu\/regional_policy\/home_en\" target=\"_blank\" rel=\"noreferrer noopener\">EU Regional Policy<\/a><\/div>\n<\/div>\n\n\n\n<div class=\"wp-block-columns ticss-a83187c9\">\n<div class=\"wp-block-column\">\n<h3 class=\"has-text-align-center has-neve-text-color-color has-text-color\"><strong>Objectives<\/strong><\/h3>\n\n\n\n<p class=\"has-text-align-left\">The project aims at support SMEs and entrepreneurs from agricultural and tourism sector through provision of business facilities, services, know-how and human development skills that will positively affect the entrepreneurial success and the sustainable business development. The project aims at upgrading and using the achieved results and outputs of two previous projects \u2013 Danube winery places (CBC Romania-Bulgaria 2007-2013) and VINESOS (INTERREG VA Greece Bulgaria 20014-2020).The project will provide business support through development of vocational and scientific tutorials, provision of know-how and support for production of bio -wines from local varieties, development of bio-agri-wine tourism product, and sommelier knowledge to HORECA representatives. Agro tourism Academy will be formed to facilitate the entrepreneurs from the CB area with administrative and vocational support in long term.<\/p>\n\n\n\n<div style=\"height:20px\" aria-hidden=\"true\" class=\"wp-block-spacer\"><\/div>\n<\/div>\n\n\n\n<div class=\"wp-block-column\">\n<h3 class=\"has-text-align-center has-neve-text-color-color has-text-color\">Results<\/h3>\n\n\n\n<p class=\"has-text-align-left\">One of the significant results of the project is the development and establishment of experimental fields for local vine varieties and the production of young plants that will be distributed to wine makers and vine growers in order to reintroduce the local brading. It is expected 30 agricultural producers from both sides to receive seedlings by the end of project implementation.<\/p>\n<\/div>\n\n\n\n<div class=\"wp-block-column\">\n<h3 class=\"has-text-align-center has-neve-text-color-color has-text-color\">Deliverables<\/h3>\n\n\n\n<p class=\"has-text-align-left\">The project consists of 5 Work Packages providing a well defined structure of what has to be achieved and how:<\/p>\n\n\n\n<ul><li>Management and Coordination<\/li><li>Communication and Dissemination. Project promotional action<\/li><li>Diagnosis and strategic planning<\/li><li>Development of Agro-Tourism Business Academy<\/li><li>Sustainability and added value measures<\/li><\/ul>\n\n\n\n<div style=\"height:20px\" aria-hidden=\"true\" class=\"wp-block-spacer\"><\/div>\n<\/div>\n<\/div>\n\n\n\n<div class=\"wp-container-3 wp-block-buttons\"><\/div>\n\n\n\n<div style=\"height:40px\" aria-hidden=\"true\" class=\"wp-block-spacer\"><\/div>\n\n\n\n<div class=\"wp-block-cover alignfull counterBoxWithBack\" style=\"min-height:143px\"><span aria-hidden=\"true\" class=\"has-nv-light-bg-background-color has-background-dim-100 wp-block-cover__gradient-background has-background-dim\"><\/span><div class=\"wp-block-cover__inner-container\">\n<p class=\"has-text-align-center\"><style>\r\n\r\n#wpsm_counter_b_row_88363 .wpsm_counterbox\r\n{\r\n\ttext-align:center;\r\n\tmargin-top:50px;\r\n\tmargin-bottom:50px;\r\n}\r\n#wpsm_counter_b_row_88363 .wpsm_counterbox .wpsm_count-icon{\r\n\tdisplay:block;\r\n\tmargin-top:20px;\r\n\tpadding-top:0px;\r\n\tpadding-bottom:0px;\r\n\tmargin-bottom:0px;\r\n\tmargin:0 auto;\r\n}\r\n#wpsm_counter_b_row_88363 .wpsm_counterbox .wpsm_count-icon i{\r\n\tfont-size:20px;\r\n\tcolor:#000000;\r\n}\r\n#wpsm_counter_b_row_88363 .wpsm_counterbox .wpsm_number{\r\n\tfont-size:36px;\r\n\tfont-weight:700;\r\n\tcolor:#000000;\r\n\tfont-family:'Helvetica';\r\n\tletter-spacing:2px;\r\n\tmargin-top:20px;\r\n\tline-height: 1.3em;\r\n\tpadding-top:0px;\r\n\tpadding-bottom:0px;\r\n\tmargin-bottom:0px;\r\n}\r\n#wpsm_counter_b_row_88363 .wpsm_counterbox .wpsm_count-title{\r\n    font-size:17px;\r\n\tfont-weight:bolder;\r\n\tfont-family:'Helvetica';\r\n\tletter-spacing:2px;\r\n    color: #000000;\r\n\tfont-weight:700;\r\n\tmargin-top:20px;\r\n\tpadding-top:0px;\r\n\tpadding-bottom:0px;\r\n\tmargin-bottom:0px;\r\n\tline-height: 1.3em;\r\n}\r\n\r\n.wpsm_counterbox {\r\n    position: relative;\r\n    padding-left: 75px;\r\n}\r\n\r\n.wpsm_counterbox .wpsm_number{\r\n    \/*color: var(--primaryBtnBg)!important;*\/\r\n  \tcolor: var(--nv-text-color)!important;\r\n    font-family: var(--bodyFontFamily),var(--nv-fallback-ff)!important;\r\n    line-height: inherit!important;\r\n    text-align:left;\r\n}\r\n\r\n.wpsm_counterbox .wpsm_count-title{\r\n    \/*color: #fff!important;*\/\r\n  \tcolor: #616161!important;\r\n    letter-spacing: 0!important;\r\n    line-height: inherit!important;\r\n    font-family: var(--bodyFontFamily),var(--nv-fallback-ff)!important;\r\n    min-height: unset!important;\r\n    text-transform:uppercase;\r\n    text-align:left;\r\n    margin-top: 10px!important;\r\n  \tfont-weight:400!important;\r\n}\r\n\r\n.wpsm_counterbox .wpsm_count-icon{\r\n    position: absolute;\r\n    width: 100%;\r\n    height: 100%;\r\n    background-repeat: no-repeat;\r\n    background-size: 50px;\r\n    background-position: left center;\r\n    margin-left: -75px!important;\r\n}\r\n\r\n.wpsm_count-icon i{\r\n\tdisplay:none;\r\n}<\/style> \r\n\t\t \r\n\t\t\r\n\t\t<style>\r\n\t\t#wpsm_counter_b_row_88363\t\t\t{\r\n\t\t\t\t\r\n\t\t\t\tposition:relative;\r\n\t\t\t\twidth:100%;\r\n\t\t\t\toverflow:hidden;\r\n\t\t\t\ttext-align:center;\r\n\t\t\t}\r\n\t\t\t \r\n\t\t\t#wpsm_counter_b_row_88363 .wpsm_row{\r\n\t\t\toverflow:hidden;\r\n\t\t\tdisplay:block;\r\n\t\t\twidth:100%;\r\n\t\t\t} \r\n\t\t\t \r\n\t\t\t#wpsm_counter_b_row_88363 .wpsm_row{\r\n\t\t\toverflow:visible;\r\n\t\t\t} \r\n\t\t\t \r\n\t\t\t#wpsm_counter_b_row_88363 .wpsm_counterbox .wpsm_count-title{\r\n\t\t\tmin-height:56px;\r\n\t\t\t}}\r\n\t\t\t \r\n\t\t<\/style>\r\n\t\t\r\n\t\t<div class=\"wpsm_counter_b_row\" id=\"wpsm_counter_b_row_88363\">\r\n\t\t\t<div>\r\n\t\t\t\t<div class=\"wpsm_row\">\r\n\t\t\r\n\t\t\t\t\t\t<div class=\"wpsm_col-md-3 wpsm_col-sm-6\">\r\n\t\t\t\t\t<div class=\"wpsm_counterbox\">\r\n\t\t\t\t\t\t \r\n\t\t\t\t\t\t<div class=\"wpsm_count-icon\"><i #000000 class=\"fa fa-laptop\"><\/i><\/div>\r\n\t\t\t\t\t\t\t\t\t\t\t\t<div class=\"wpsm_number\" style=\"#000000\" >\r\n\t\t\t\t\t\t   <span class=\"counter\">3\t\t\t\t\t\t   <\/span>\r\n\t\t\t\t\t\t    \r\n\t\t\t\t\t    <\/div>\r\n\t\t\t\t\t\t<h3 class=\"wpsm_count-title\" #000000> Partners<\/h3>\r\n\t\t\t\t\t\t \r\n\t\t\t\t\t<\/div>\r\n\t\t\t\t<\/div>\r\n\t\t\t\t\t\t\t\t\t<div class=\"wpsm_col-md-3 wpsm_col-sm-6\">\r\n\t\t\t\t\t<div class=\"wpsm_counterbox\">\r\n\t\t\t\t\t\t \r\n\t\t\t\t\t\t<div class=\"wpsm_count-icon\"><i #000000 class=\"fa fa-laptop\"><\/i><\/div>\r\n\t\t\t\t\t\t\t\t\t\t\t\t<div class=\"wpsm_number\" style=\"#000000\" >\r\n\t\t\t\t\t\t   <span class=\"counter\">2\t\t\t\t\t\t   <\/span>\r\n\t\t\t\t\t\t    \r\n\t\t\t\t\t    <\/div>\r\n\t\t\t\t\t\t<h3 class=\"wpsm_count-title\" #000000> Countries<\/h3>\r\n\t\t\t\t\t\t \r\n\t\t\t\t\t<\/div>\r\n\t\t\t\t<\/div>\r\n\t\t\t\t\t\t\t\t\t<div class=\"wpsm_col-md-3 wpsm_col-sm-6\">\r\n\t\t\t\t\t<div class=\"wpsm_counterbox\">\r\n\t\t\t\t\t\t \r\n\t\t\t\t\t\t<div class=\"wpsm_count-icon\"><i #000000 class=\"fa fa-laptop\"><\/i><\/div>\r\n\t\t\t\t\t\t\t\t\t\t\t\t<div class=\"wpsm_number\" style=\"#000000\" >\r\n\t\t\t\t\t\t   <span class=\"counter\">503838\t\t\t\t\t\t   <\/span>\r\n\t\t\t\t\t\t    \r\n\t\t\t\t\t    <\/div>\r\n\t\t\t\t\t\t<h3 class=\"wpsm_count-title\" #000000> Euros (Budget)<\/h3>\r\n\t\t\t\t\t\t \r\n\t\t\t\t\t<\/div>\r\n\t\t\t\t<\/div>\r\n\t\t\t\t\t\t\t\t\t<div class=\"wpsm_col-md-3 wpsm_col-sm-6\">\r\n\t\t\t\t\t<div class=\"wpsm_counterbox\">\r\n\t\t\t\t\t\t \r\n\t\t\t\t\t\t<div class=\"wpsm_count-icon\"><i #000000 class=\"fa fa-laptop\"><\/i><\/div>\r\n\t\t\t\t\t\t\t\t\t\t\t\t<div class=\"wpsm_number\" style=\"#000000\" >\r\n\t\t\t\t\t\t   <span class=\"counter\">24\t\t\t\t\t\t   <\/span>\r\n\t\t\t\t\t\t    \r\n\t\t\t\t\t    <\/div>\r\n\t\t\t\t\t\t<h3 class=\"wpsm_count-title\" #000000> Months (duration)<\/h3>\r\n\t\t\t\t\t\t \r\n\t\t\t\t\t<\/div>\r\n\t\t\t\t<\/div>\r\n\t\t\t\t\t\t<\/div>\r\n\t\t\t<div class=\"wpsm_row\">\r\n\t\t\t\t\t\t\r\n\t\t\t<\/div>\t\t\t\t<\/div>\r\n\t\t<\/div>\r\n\t\t\r\n\t<\/p>\n<\/div><\/div>\n\n\n\n<div style=\"height:80px\" aria-hidden=\"true\" class=\"wp-block-spacer\"><\/div>\n\n\n\n<h2 id=\"wp-block-themeisle-blocks-advanced-heading-9b70f55d\" class=\"wp-block-themeisle-blocks-advanced-heading wp-block-themeisle-blocks-advanced-heading-9b70f55d\">News &#8211; Press<\/h2>\n\n\n<div class=\"wp-block-themeisle-blocks-posts-grid\" id=\"wp-block-themeisle-blocks-posts-grid-3e1beb31\"><div class=\"is-grid o-posts-grid-columns-3 has-shadow\"><div class=\"o-posts-grid-post-blog o-posts-grid-post-plain\"><div class=\"o-posts-grid-post\"><div class=\"o-posts-grid-post-body is-full\"><h5 class=\"o-posts-grid-post-title\"><a href=\"http:\/\/agrotouracademy.eu\/?p=89343\">Mobile Casino &#038; Sports Betting Official Download<\/a><\/h5><p class=\"o-posts-grid-post-meta\">on <time datetime=\"2026-04-14T14:26:55+00:00\">April 14, 2026<\/time> by graybyte &#8211; 0 comments<\/p><div class=\"o-posts-grid-post-description\"><p>\u00d6d\u00fcl \u00e7arklar\u0131, \u00fccretsiz d\u00f6n\u00fc\u015fler, bonus oyunlar\u0131 gibi heyecan verici \u00f6zellikler, slot deneyimini dah\u2026<\/p><\/div><\/div><\/div><\/div><div class=\"o-posts-grid-post-blog o-posts-grid-post-plain\"><div class=\"o-posts-grid-post\"><div class=\"o-posts-grid-post-body is-full\"><h5 class=\"o-posts-grid-post-title\"><a href=\"http:\/\/agrotouracademy.eu\/?p=89345\">Betwoon1043 com<\/a><\/h5><p class=\"o-posts-grid-post-meta\">on <time datetime=\"2026-04-14T14:18:02+00:00\">April 14, 2026<\/time> by graybyte &#8211; 0 comments<\/p><div class=\"o-posts-grid-post-description\"><p>Ayr\u0131ca, Betwoon platformunun sundu\u011fu g\u00fcncel giri\u015f imkanlar\u0131 ile slot oyunlar\u0131n\u0131 daha keyifli hale ge\u2026<\/p><\/div><\/div><\/div><\/div><div class=\"o-posts-grid-post-blog o-posts-grid-post-plain\"><div class=\"o-posts-grid-post\"><div class=\"o-posts-grid-post-body is-full\"><h5 class=\"o-posts-grid-post-title\"><a href=\"http:\/\/agrotouracademy.eu\/?p=89341\">Grandpashabet Resmi Bahis Sitesi \ufe0f<\/a><\/h5><p class=\"o-posts-grid-post-meta\">on <time datetime=\"2026-04-14T12:42:15+00:00\">April 14, 2026<\/time> by graybyte &#8211; 0 comments<\/p><div class=\"o-posts-grid-post-description\"><p>Bu, grandpashabet g\u00fcncel adres \u00fczerinden eri\u015fim sa\u011flayan kullan\u0131c\u0131lar\u0131n bilgilerinin \u00fc\u00e7\u00fcnc\u00fc \u015fah\u0131slar\u2026<\/p><\/div><\/div><\/div><\/div><\/div> <\/div>\n\n\n<div style=\"height:60px\" aria-hidden=\"true\" class=\"wp-block-spacer\"><\/div>\n\n\n\n<div class=\"wp-container-4 wp-block-group\"><div class=\"wp-block-group__inner-container\">\n<h2 class=\"has-text-align-center\">Beneficiaries<\/h2>\n\n\n\n<p><\/p>\n<\/div><\/div>\n\n\n\n<div class=\"wp-block-columns partners_block\">\n<div class=\"wp-block-column\">\n<div class=\"wp-block-image\"><figure class=\"aligncenter size-full is-resized\"><img loading=\"lazy\" src=\"http:\/\/agrobusiness-academy.ekapa.gr\/wp-content\/uploads\/2022\/10\/logo_Eurointegra.png\" alt=\"\" class=\"wp-image-88957\" width=\"125\" height=\"113\"\/><\/figure><\/div>\n\n\n\n<p class=\"has-text-align-center\">Eurointegra Association<\/p>\n<\/div>\n\n\n\n<div class=\"wp-block-column\">\n<div class=\"wp-block-image\"><figure class=\"aligncenter size-full is-resized\"><img loading=\"lazy\" src=\"http:\/\/agrobusiness-academy.ekapa.gr\/wp-content\/uploads\/2022\/10\/logo_prosperity_xm.jpg\" alt=\"\" class=\"wp-image-88958\" width=\"157\" height=\"120\"\/><\/figure><\/div>\n\n\n\n<p class=\"has-text-align-center\">Association Prosperity and development in Bulgaria<\/p>\n<\/div>\n\n\n\n<div class=\"wp-block-column\">\n<div class=\"wp-block-image\"><figure class=\"aligncenter size-full is-resized\"><img loading=\"lazy\" src=\"http:\/\/agrobusiness-academy.ekapa.gr\/wp-content\/uploads\/2022\/10\/logo_agrient.jpg\" alt=\"\" class=\"wp-image-88959\" width=\"192\" height=\"127\" srcset=\"http:\/\/agrotouracademy.eu\/wp-content\/uploads\/2022\/10\/logo_agrient.jpg 960w, http:\/\/agrotouracademy.eu\/wp-content\/uploads\/2022\/10\/logo_agrient-300x199.jpg 300w, http:\/\/agrotouracademy.eu\/wp-content\/uploads\/2022\/10\/logo_agrient-768x510.jpg 768w, http:\/\/agrotouracademy.eu\/wp-content\/uploads\/2022\/10\/logo_agrient-930x620.jpg 930w\" sizes=\"(max-width: 192px) 100vw, 192px\" \/><\/figure><\/div>\n\n\n\n<p class=\"has-text-align-center\">AgriEntrepreneurship<\/p>\n<\/div>\n<\/div>\n\n\n\n<div style=\"height:60px\" aria-hidden=\"true\" class=\"wp-block-spacer\"><\/div>\n","protected":false},"excerpt":{"rendered":"<p>Greece and Bulgaria, two neighboring countries with a rich past, since the end of the 1990s have entered an era of closer co-operation, due to the INTERREG Programme &#8220;Greece-Bulgaria&#8221;. The main idea behind &#8220;INTERREG&#8221; is that countries have issues which can be better solved if they work together with their neighbors than if each one&hellip;&nbsp;<a href=\"http:\/\/agrotouracademy.eu\/?p=88363\" class=\"\" rel=\"bookmark\">Read More &raquo;<span class=\"screen-reader-text\">Partners<\/span><\/a><\/p>\n","protected":false},"author":2,"featured_media":0,"parent":0,"menu_order":0,"comment_status":"closed","ping_status":"closed","template":"","meta":{"neve_meta_sidebar":"default","neve_meta_container":"default","neve_meta_enable_content_width":"on","neve_meta_content_width":100,"neve_meta_title_alignment":"","neve_meta_author_avatar":"","neve_post_elements_order":"","neve_meta_disable_header":"","neve_meta_disable_footer":"","neve_meta_disable_title":"on","pgc_sgb_lightbox_settings":"","_themeisle_gutenberg_block_has_review":false,"_ti_tpc_template_sync":false,"_ti_tpc_template_id":"cwhkd9lki581rusuhjti"},"_links":{"self":[{"href":"http:\/\/agrotouracademy.eu\/index.php?rest_route=\/wp\/v2\/pages\/5"}],"collection":[{"href":"http:\/\/agrotouracademy.eu\/index.php?rest_route=\/wp\/v2\/pages"}],"about":[{"href":"http:\/\/agrotouracademy.eu\/index.php?rest_route=\/wp\/v2\/types\/page"}],"author":[{"embeddable":true,"href":"http:\/\/agrotouracademy.eu\/index.php?rest_route=\/wp\/v2\/users\/2"}],"replies":[{"embeddable":true,"href":"http:\/\/agrotouracademy.eu\/index.php?rest_route=%2Fwp%2Fv2%2Fcomments&post=5"}],"version-history":[{"count":78,"href":"http:\/\/agrotouracademy.eu\/index.php?rest_route=\/wp\/v2\/pages\/5\/revisions"}],"predecessor-version":[{"id":89179,"href":"http:\/\/agrotouracademy.eu\/index.php?rest_route=\/wp\/v2\/pages\/5\/revisions\/89179"}],"wp:attachment":[{"href":"http:\/\/agrotouracademy.eu\/index.php?rest_route=%2Fwp%2Fv2%2Fmedia&parent=5"}],"curies":[{"name":"wp","href":"https:\/\/api.w.org\/{rel}","templated":true}]}}